1816 and 52344.
24
What is the greatest common divisor of 393529188 and 174?
174
Calculate the highest common factor of 1299393 and 99.
9
What is the highest common divisor of 90 and 874326390?
30
Calculate the greatest common divisor of 2346 and 9911459.
391
Calculate the greatest common divisor of 9009 and 126079954.
1001
What is the greatest common divisor of 149500 and 145?
5
What is the greatest common factor of 21463280 and 48?
16
What is the highest common factor of 14 and 51178862?
14
Calculate the greatest common divisor of 265830 and 66.
6
What is the greatest common divisor of 559 and 1076140403?
559
What is the highest common divisor of 14892 and 28291740?
204
Calculate the highest common divisor of 64828 and 21584.
76
Calculate the greatest common divisor of 2700 and 16309296.
108
What is the greatest common factor of 8667 and 789183?
81
Calculate the greatest common factor of 14 and 96247186.
14
What is the highest common divisor of 4206 and 89642478?
4206
Calculate the highest common divisor of 228 and 1667706.
114
Calculate the highest common divisor of 1096741 and 4.
1
Calculate the highest common factor of 114115571 and 73.
73
Calculate the highest common divisor of 148 and 3233578.
74
What is the highest common divisor of 19043898 and 2370?
474
What is the highest common factor of 38 and 153223600?
38
What is the highest common divisor of 533055 and 15?
15
What is the highest common divisor of 856530 and 4061?
31
Calculate the greatest common divisor of 8370204 and 162.
6
Calculate the highest common factor of 111 and 283391399.
37
What is the highest common factor of 9619981 and 606914?
3941
What is the greatest common divisor of 169 and 252041751?
13
Calculate the greatest common divisor of 16 and 230494160.
16
What is the highest common factor of 813454 and 9608422?
8054
What is the highest common factor of 25315168 and 1376?
32
Calculate the highest common factor of 49579080 and 1080.
120
Calculate the greatest common divisor of 85 and 790320667.
17
What is the greatest common factor of 826 and 76262774?
14
What is the greatest common divisor of 262958984 and 36760?
7352
Calculate the highest common factor of 2214 and 3798072.
18
What is the highest common factor of 1800 and 14383080?
360
Calculate the greatest common divisor of 70 and 198080428.
14
Calculate the greatest common factor of 3672 and 157148.
68
What is the greatest common divisor of 33288 and 45552?
1752
What is the greatest common factor of 28062 and 22352942?
3118
What is the greatest common divisor of 157622368 and 123?
41
What is the greatest common factor of 20802990 and 1271?
41
Calculate the highest common factor of 89615241 and 216.
27
Calculate the greatest common factor of 1158227 and 578.
17
Calculate the highest common factor of 313 and 136280513.
313
What is the highest common factor of 4845879 and 404?
101
What is the greatest common factor of 51903126 and 2962?
2962
Calculate the highest common factor of 4279355 and 54435.
955
What is the greatest common factor of 20202 and 1934212?
518
Calculate the greatest common factor of 208 and 1703065.
13
What is the greatest common factor of 25 and 44385725?
25
What is the greatest common divisor of 49730178 and 1818?
606
Calculate the highest common factor of 2224300 and 63800.
2900
What is the greatest common factor of 104510967 and 66?
33
What is the highest common divisor of 40 and 73992020?
20
What is the highest common factor of 1862 and 57760?
38
What is the highest common factor of 368228 and 6244?
28
Calculate the greatest common factor of 101 and 384792931.
101
Calculate the greatest common factor of 2915946 and 8019.
297
Calculate the highest common divisor of 3702 and 28689266.
1234
What is the greatest common factor of 1299726 and 33109?
113
Calculate the greatest common factor of 596778 and 210.
42
What is the greatest common factor of 208087535 and 5?
5
What is the highest common divisor of 966858 and 7089?
51
What is the highest common divisor of 9768 and 4616?
8
What is the highest common factor of 253 and 5409577?
23
What is the highest common divisor of 254035 and 20309?
23
Calculate the greatest common divisor of 303117828 and 10764.
3588
What is the highest common divisor of 182 and 213828576?
26
Calculate the greatest common factor of 4039 and 10834906.
577
Calculate the greatest common factor of 12832 and 75248.
16
What is the greatest common factor of 1414 and 3172801072?
1414
What is the greatest common divisor of 15440 and 110080?
80
Calculate the greatest common divisor of 376 and 20382913.
47
Calculate the highest common factor of 3257505 and 661355.
1895
Calculate the highest common factor of 93529756 and 464.
116
What is the greatest common divisor of 40338 and 9738?
18
What is the greatest common divisor of 282 and 88696614?
282
Calculate the highest common factor of 32629298 and 62.
62
Calculate the highest common divisor of 2378396 and 5318049.
5557
What is the greatest common divisor of 387010 and 8783982?
458
What is the greatest common factor of 329927 and 260599?
619
Calculate the greatest common factor of 10914 and 5591178.
642
What is the highest common divisor of 76926154 and 1856?
58
What is the highest common factor of 288 and 12100384?
32
What is the highest common factor of 4705 and 23259638?
941
What is the greatest common factor of 1580 and 96340?
20
What is the greatest common divisor of 147200 and 33304?
184
What is the highest common divisor of 11342024 and 860?
172
Calculate the highest common factor of 59307 and 45133.
373
Calculate the highest common divisor of 216 and 35465048.
8
Calculate the greatest common divisor of 5105232 and 266442.
726
What is the highest common factor of 25 and 1840476225?
25
What is the greatest common factor of 13206818 and 2858?
2858
What is the highest common divisor of 10 and 236555?
5
Calculate the highest common divisor of 5309 and 64.
1
What is the greatest common factor of 3747428 and 2876?
2876
What is the highest common divisor of 14 and 55466831?
7
What is the highest common divisor of 19 and 4720911?
19
Calculate the greatest common factor of 7248 and 20073336.
3624
Calculate the highest common factor of 100 and 153101050.
50
Calculate the highest common factor of 132810139 and 1501.
79
What is the highest common factor of 5329 and 2386297?
73
What is the greatest common divisor of 26640 and 98420?
740
Calculate the greatest common factor of 11070 and 9857430.
270
Calculate the greatest common divisor of 16 and 4025314.
2
Calculate the highest common divisor of 9972 and 387318297.
831
Calculate the highest common factor of 426330 and 6635.
5
Calculate the greatest common factor of 915 and 3236904.
183
What is the greatest common factor of 39159420 and 30?
30
Calculate the highest common factor of 567 and 3960657162.
567
What is the greatest common factor of 28796 and 1293316?
1252
What is the greatest common factor of 1549230 and 311880?
3390
What is the greatest common factor of 704532069 and 4038?
2019
What is the highest common factor of 456 and 7014344?
152
Calculate the highest common divisor of 9830695 and 4655.
665
What is the highest common factor of 4498694 and 20912?
2614
Calculate the highest common factor of 18099791 and 211.
211
Calculate the greatest common divisor of 7083 and 536374341.
7083
Calculate the highest common divisor of 16984270 and 70.
10
What is the highest common divisor of 52 and 455343772?
52
What is the highest common divisor of 36959000 and 35750?
3250
Calculate the greatest common factor of 517883 and 151126.
1843
What is the greatest common divisor of 4925 and 1789745?
985
What is the greatest common factor of 2632448 and 448000?
1792
Calculate the greatest common factor of 104 and 6393628.
4
Calculate the highest common factor of 4456 and 8656.
8
What is the greatest common divisor of 282 and 15408339?
141
Calculate the greatest common divisor of 5634 and 1397054529.
2817
What is the highest common factor of 43662275 and 1220?
305
Calculate the greatest common divisor of 60 and 494050.
10
Calculate the highest common divisor of 251923 and 986522.
2117
What is the greatest common divisor of 2128178 and 2353?
13
What is the greatest common divisor of 392426 and 10925?
437
